{"id":32,"date":"2020-12-08T04:13:18","date_gmt":"2020-12-08T04:13:18","guid":{"rendered":"https:\/\/gaviaspreview.com\/wp\/conult\/?page_id=32"},"modified":"2023-05-30T19:53:52","modified_gmt":"2023-05-30T19:53:52","slug":"servicios","status":"publish","type":"page","link":"https:\/\/book.dsoft.dev\/talento\/index.php\/servicios\/","title":{"rendered":"Servicios"},"content":{"rendered":"\t\t<div data-elementor-type=\"wp-page\" data-elementor-id=\"32\" class=\"elementor elementor-32\">\n\t\t\t\t\t\t\t\t\t<section class=\"elementor-section elementor-top-section elementor-element elementor-element-e098fa8 elementor-section-boxed elementor-section-height-default elementor-section-height-default\" data-id=\"e098fa8\" data-element_type=\"section\" data-settings=\"{&quot;background_background&quot;:&quot;slideshow&quot;,&quot;background_slideshow_gallery&quot;:[{&quot;id&quot;:1203,&quot;url&quot;:&quot;https:\\\/\\\/gaviaspreview.com\\\/wp\\\/conult\\\/wp-content\\\/uploads\\\/2021\\\/12\\\/bg-9.jpg&quot;},{&quot;id&quot;:1008,&quot;url&quot;:&quot;https:\\\/\\\/gaviaspreview.com\\\/wp\\\/conult\\\/wp-content\\\/uploads\\\/2021\\\/10\\\/breadcrumb.jpg&quot;}],&quot;background_slideshow_ken_burns&quot;:&quot;yes&quot;,&quot;background_slideshow_loop&quot;:&quot;yes&quot;,&quot;background_slideshow_slide_duration&quot;:5000,&quot;background_slideshow_slide_transition&quot;:&quot;fade&quot;,&quot;background_slideshow_transition_duration&quot;:500,&quot;background_slideshow_ken_burns_zoom_direction&quot;:&quot;in&quot;}\">\n\t\t\t\t\t\t<div class=\"elementor-container elementor-column-gap-default\">\n\t\t\t\t\t<div class=\"elementor-column elementor-col-100 elementor-top-column elementor-element elementor-element-7606242\" data-id=\"7606242\" data-element_type=\"column\">\n\t\t\t<div class=\"elementor-widget-wrap elementor-element-populated\">\n\t\t\t\t\t\t\t\t<div class=\"elementor-element elementor-element-27dbd76 elementor-widget elementor-widget-gva-heading-block\" data-id=\"27dbd76\" data-element_type=\"widget\" data-widget_type=\"gva-heading-block.default\">\n\t\t\t\t<div class=\"elementor-widget-container\">\n\t\t\t<div class=\"gva-element-gva-heading-block gva-element\">   <div class=\"align-center style-1 widget gsc-heading box-align-left auto-responsive\">\r\n      <div class=\"content-inner\">\r\n         \r\n         \r\n         \r\n           \r\n         \r\n                     <h2 class=\"title\">\r\n               <span>Nuestros Servicios<\/span>\r\n            <\/h2>\r\n                              <div class=\"title-desc\">Para todas las Organizaciones<\/div>\r\n         \r\n         \r\n      <\/div>\r\n   <\/div>\r\n<\/div>\t\t<\/div>\n\t\t\t\t<\/div>\n\t\t\t\t\t<\/div>\n\t\t<\/div>\n\t\t\t\t\t\t\t<\/div>\n\t\t<\/section>\n\t\t\t\t<section class=\"elementor-section elementor-top-section elementor-element elementor-element-039bf87 elementor-section-boxed elementor-section-height-default elementor-section-height-default\" data-id=\"039bf87\" data-element_type=\"section\">\n\t\t\t\t\t\t<div class=\"elementor-container elementor-column-gap-default\">\n\t\t\t\t\t<div class=\"elementor-column elementor-col-100 elementor-top-column elementor-element elementor-element-6b817d3\" data-id=\"6b817d3\" data-element_type=\"column\">\n\t\t\t<div class=\"elementor-widget-wrap elementor-element-populated\">\n\t\t\t\t\t\t\t\t<div class=\"elementor-element elementor-element-fb26c2d elementor-widget elementor-widget-gva-heading-block\" data-id=\"fb26c2d\" data-element_type=\"widget\" data-widget_type=\"gva-heading-block.default\">\n\t\t\t\t<div class=\"elementor-widget-container\">\n\t\t\t<div class=\"gva-element-gva-heading-block gva-element\">   <div class=\"align-center style-1 widget gsc-heading box-align-center auto-responsive\">\r\n      <div class=\"content-inner\">\r\n         \r\n         \r\n         <div class=\"heading-line\"><span><\/span><span><\/span><\/div>\r\n                     <div class=\"sub-title\">\r\n               <span class=\"tagline\">\u00bfQu\u00e9 hacemos?<\/span> \r\n            <\/div>\r\n           \r\n         \r\n                     <h2 class=\"title\">\r\n               <span>Servicios que ofrecemos<\/span>\r\n            <\/h2>\r\n                  \r\n         \r\n      <\/div>\r\n   <\/div>\r\n<\/div>\t\t<\/div>\n\t\t\t\t<\/div>\n\t\t\t\t<div class=\"elementor-element elementor-element-1b0b407 elementor-hidden-mobile elementor-widget elementor-widget-gva-services-group\" data-id=\"1b0b407\" data-element_type=\"widget\" data-widget_type=\"gva-services-group.default\">\n\t\t\t\t<div class=\"elementor-widget-container\">\n\t\t\t<div class=\"gva-element-gva-services-group gva-element\">\r\n<div class=\"gsc-services-group layout-grid\">\r\n   <div class=\"lg-block-grid-3 md-block-grid-3 sm-block-grid-2 xs-block-grid-2 xx-block-grid-1\">\r\n               <div class=\"item-columns\">\r\n            \r\n\t\r\n\r\n   <div class=\"service-item style-2\">\r\n      \r\n      \t      <div class=\"service-image text-center\">\r\n\t      \t<img decoding=\"async\"  src=\"https:\/\/book.dsoft.dev\/talento\/wp-content\/uploads\/2023\/05\/Maquila-de-Nomina.png\" alt=\"MAQUILA DE N\u00d3MINA\"\/>\r\n\t      <\/div>\r\n\t   \r\n      <div class=\"service-content\">\r\n\t\t\t<div class=\"content-inner\">\r\n\t\t\t\t\t\t\t\t\t<h3 class=\"title\"><span>MAQUILA DE N\u00d3MINA<\/span><\/h3>\r\n\t\t\t\t\r\n\t\t\t\t\t\t\t\t\t<span class=\"box-icon\">\r\n\t\t\t\t\t\t<i aria-hidden=\"true\" class=\" icon-conult-strategy\"><\/i>\t\t\t\t\t<\/span>\r\n\t\t\t\t\t\t\t<\/div>\t\r\n\t\t<\/div>\r\n\r\n\t\t\r\n\t\t<div class=\"service-content-hover\">\r\n\t\t\t<div class=\"content-inner\">\r\n\t\t\t\t\t\t\t\t\t<span class=\"box-icon\">\r\n\t\t\t\t\t\t<i aria-hidden=\"true\" class=\" icon-conult-strategy\"><\/i>\t\t\t\t\t<\/span>\r\n\t\t\t\t\r\n\t\t\t\t\t\t\t\t\t<h3 class=\"title\"><span>MAQUILA DE N\u00d3MINA<\/span><\/h3>\r\n\t\t\t\t\t\t\t\t\t\t\t\t\t<div class=\"desc\">Desarrollamos las Pol\u00edticas de Prevenci\u00f3n de Riesgos Psicosociales\n<\/div>\r\n\t\t\t\t\t\t\t<\/div>\t\r\n\t\t\t<div class=\"service-background\">\r\n\t\t\t\t\t\t\t\t\t<img decoding=\"async\" src=\"https:\/\/book.dsoft.dev\/talento\/wp-content\/uploads\/2023\/05\/Maquila-de-Nomina.png\" alt=\"MAQUILA DE N\u00d3MINA\"\/>\r\n\t\t\t\t\t\r\n\t\t\t<\/div>\r\n\t\t\t\t\t  <a href=\"https:\/\/book.dsoft.dev\/talento\/index.php\/services\/maquila-de-nomina\/\" class=\"link-overlay\"><\/a>\r\n\t\t  \t\t<\/div>\t\r\n\t<\/div>\r\n\t\r\n\r\n\r\n\r\n         <\/div>\r\n               <div class=\"item-columns\">\r\n            \r\n\t\r\n\r\n   <div class=\"service-item style-2\">\r\n      \r\n      \t      <div class=\"service-image text-center\">\r\n\t      \t<img decoding=\"async\"  src=\"https:\/\/book.dsoft.dev\/talento\/wp-content\/uploads\/2023\/05\/teclutamiento-y-seleccion.png\" alt=\"RECLUTAMIENTO Y SELECCI\u00d3N\"\/>\r\n\t      <\/div>\r\n\t   \r\n      <div class=\"service-content\">\r\n\t\t\t<div class=\"content-inner\">\r\n\t\t\t\t\t\t\t\t\t<h3 class=\"title\"><span>RECLUTAMIENTO Y SELECCI\u00d3N<\/span><\/h3>\r\n\t\t\t\t\r\n\t\t\t\t\t\t\t\t\t<span class=\"box-icon\">\r\n\t\t\t\t\t\t<i aria-hidden=\"true\" class=\" icon-conult-point-of-sale\"><\/i>\t\t\t\t\t<\/span>\r\n\t\t\t\t\t\t\t<\/div>\t\r\n\t\t<\/div>\r\n\r\n\t\t\r\n\t\t<div class=\"service-content-hover\">\r\n\t\t\t<div class=\"content-inner\">\r\n\t\t\t\t\t\t\t\t\t<span class=\"box-icon\">\r\n\t\t\t\t\t\t<i aria-hidden=\"true\" class=\" icon-conult-point-of-sale\"><\/i>\t\t\t\t\t<\/span>\r\n\t\t\t\t\r\n\t\t\t\t\t\t\t\t\t<h3 class=\"title\"><span>RECLUTAMIENTO Y SELECCI\u00d3N<\/span><\/h3>\r\n\t\t\t\t\t\t\t\t\t\t\t\t\t<div class=\"desc\">Servicio para tercerizar el proceso de reclutamiento y selecci\u00f3n\n<\/div>\r\n\t\t\t\t\t\t\t<\/div>\t\r\n\t\t\t<div class=\"service-background\">\r\n\t\t\t\t\t\t\t\t\t<img decoding=\"async\" src=\"https:\/\/book.dsoft.dev\/talento\/wp-content\/uploads\/2023\/05\/teclutamiento-y-seleccion.png\" alt=\"RECLUTAMIENTO Y SELECCI\u00d3N\"\/>\r\n\t\t\t\t\t\r\n\t\t\t<\/div>\r\n\t\t\t\t\t  <a href=\"https:\/\/book.dsoft.dev\/talento\/index.php\/services\/reclutamiento-y-seleccion-2\" class=\"link-overlay\"><\/a>\r\n\t\t  \t\t<\/div>\t\r\n\t<\/div>\r\n\t\r\n\r\n\r\n\r\n         <\/div>\r\n               <div class=\"item-columns\">\r\n            \r\n\t\r\n\r\n   <div class=\"service-item style-2\">\r\n      \r\n      \t      <div class=\"service-image text-center\">\r\n\t      \t<img decoding=\"async\"  src=\"https:\/\/book.dsoft.dev\/talento\/wp-content\/uploads\/2023\/05\/estudio-socioeconomico.png\" alt=\"ESTUDIOS SOCIOECON\u00d3MICOS\"\/>\r\n\t      <\/div>\r\n\t   \r\n      <div class=\"service-content\">\r\n\t\t\t<div class=\"content-inner\">\r\n\t\t\t\t\t\t\t\t\t<h3 class=\"title\"><span>ESTUDIOS SOCIOECON\u00d3MICOS<\/span><\/h3>\r\n\t\t\t\t\r\n\t\t\t\t\t\t\t\t\t<span class=\"box-icon\">\r\n\t\t\t\t\t\t<i aria-hidden=\"true\" class=\" icon-conult-consumer-behavior\"><\/i>\t\t\t\t\t<\/span>\r\n\t\t\t\t\t\t\t<\/div>\t\r\n\t\t<\/div>\r\n\r\n\t\t\r\n\t\t<div class=\"service-content-hover\">\r\n\t\t\t<div class=\"content-inner\">\r\n\t\t\t\t\t\t\t\t\t<span class=\"box-icon\">\r\n\t\t\t\t\t\t<i aria-hidden=\"true\" class=\" icon-conult-consumer-behavior\"><\/i>\t\t\t\t\t<\/span>\r\n\t\t\t\t\r\n\t\t\t\t\t\t\t\t\t<h3 class=\"title\"><span>ESTUDIOS SOCIOECON\u00d3MICOS<\/span><\/h3>\r\n\t\t\t\t\t\t\t\t\t\t\t\t\t<div class=\"desc\">En nuestra Empresa, contamos con personal especializado en Estudios Socioecon\u00f3micos e investigaciones laborales...<\/div>\r\n\t\t\t\t\t\t\t<\/div>\t\r\n\t\t\t<div class=\"service-background\">\r\n\t\t\t\t\t\t\t\t\t<img decoding=\"async\" src=\"https:\/\/book.dsoft.dev\/talento\/wp-content\/uploads\/2023\/05\/estudio-socioeconomico.png\" alt=\"ESTUDIOS SOCIOECON\u00d3MICOS\"\/>\r\n\t\t\t\t\t\r\n\t\t\t<\/div>\r\n\t\t\t\t\t  <a href=\"https:\/\/book.dsoft.dev\/talento\/index.php\/services\/estudios-socioeconomicos\/\" class=\"link-overlay\"><\/a>\r\n\t\t  \t\t<\/div>\t\r\n\t<\/div>\r\n\t\r\n\r\n\r\n\r\n         <\/div>\r\n               <div class=\"item-columns\">\r\n            \r\n\t\r\n\r\n   <div class=\"service-item style-2\">\r\n      \r\n      \t      <div class=\"service-image text-center\">\r\n\t      \t<img decoding=\"async\"  src=\"https:\/\/book.dsoft.dev\/talento\/wp-content\/uploads\/2023\/05\/psicometria-online.png\" alt=\"PSICOMETR\u00cdA ONLINE\"\/>\r\n\t      <\/div>\r\n\t   \r\n      <div class=\"service-content\">\r\n\t\t\t<div class=\"content-inner\">\r\n\t\t\t\t\t\t\t\t\t<h3 class=\"title\"><span>PSICOMETR\u00cdA ONLINE<\/span><\/h3>\r\n\t\t\t\t\r\n\t\t\t\t\t\t\t\t\t<span class=\"box-icon\">\r\n\t\t\t\t\t\t<i aria-hidden=\"true\" class=\" icon-conult-mobile-analytics\"><\/i>\t\t\t\t\t<\/span>\r\n\t\t\t\t\t\t\t<\/div>\t\r\n\t\t<\/div>\r\n\r\n\t\t\r\n\t\t<div class=\"service-content-hover\">\r\n\t\t\t<div class=\"content-inner\">\r\n\t\t\t\t\t\t\t\t\t<span class=\"box-icon\">\r\n\t\t\t\t\t\t<i aria-hidden=\"true\" class=\" icon-conult-mobile-analytics\"><\/i>\t\t\t\t\t<\/span>\r\n\t\t\t\t\r\n\t\t\t\t\t\t\t\t\t<h3 class=\"title\"><span>PSICOMETR\u00cdA ONLINE<\/span><\/h3>\r\n\t\t\t\t\t\t\t\t\t\t\t\t\t<div class=\"desc\">\nInformaci\u00f3n necesaria para elegir al personal id\u00f3neo...<\/div>\r\n\t\t\t\t\t\t\t<\/div>\t\r\n\t\t\t<div class=\"service-background\">\r\n\t\t\t\t\t\t\t\t\t<img decoding=\"async\" src=\"https:\/\/book.dsoft.dev\/talento\/wp-content\/uploads\/2023\/05\/psicometria-online.png\" alt=\"PSICOMETR\u00cdA ONLINE\"\/>\r\n\t\t\t\t\t\r\n\t\t\t<\/div>\r\n\t\t\t\t\t  <a href=\"https:\/\/book.dsoft.dev\/talento\/index.php\/services\/psicometria-online\/\" class=\"link-overlay\"><\/a>\r\n\t\t  \t\t<\/div>\t\r\n\t<\/div>\r\n\t\r\n\r\n\r\n\r\n         <\/div>\r\n               <div class=\"item-columns\">\r\n            \r\n\t\r\n\r\n   <div class=\"service-item style-2\">\r\n      \r\n      \t      <div class=\"service-image text-center\">\r\n\t      \t<img decoding=\"async\"  src=\"https:\/\/book.dsoft.dev\/talento\/wp-content\/uploads\/2023\/05\/norma-035.png\" alt=\"NORMA 035\"\/>\r\n\t      <\/div>\r\n\t   \r\n      <div class=\"service-content\">\r\n\t\t\t<div class=\"content-inner\">\r\n\t\t\t\t\t\t\t\t\t<h3 class=\"title\"><span>NORMA 035<\/span><\/h3>\r\n\t\t\t\t\r\n\t\t\t\t\t\t\t\t\t<span class=\"box-icon\">\r\n\t\t\t\t\t\t<i aria-hidden=\"true\" class=\" icon-conult-analysis\"><\/i>\t\t\t\t\t<\/span>\r\n\t\t\t\t\t\t\t<\/div>\t\r\n\t\t<\/div>\r\n\r\n\t\t\r\n\t\t<div class=\"service-content-hover\">\r\n\t\t\t<div class=\"content-inner\">\r\n\t\t\t\t\t\t\t\t\t<span class=\"box-icon\">\r\n\t\t\t\t\t\t<i aria-hidden=\"true\" class=\" icon-conult-analysis\"><\/i>\t\t\t\t\t<\/span>\r\n\t\t\t\t\r\n\t\t\t\t\t\t\t\t\t<h3 class=\"title\"><span>NORMA 035<\/span><\/h3>\r\n\t\t\t\t\t\t\t\t\t\t\t\t\t<div class=\"desc\">Desarrollamos las Pol\u00edticas de Prevenci\u00f3n de Riesgos Psicosociales\n<\/div>\r\n\t\t\t\t\t\t\t<\/div>\t\r\n\t\t\t<div class=\"service-background\">\r\n\t\t\t\t\t\t\t\t\t<img decoding=\"async\" src=\"https:\/\/book.dsoft.dev\/talento\/wp-content\/uploads\/2023\/05\/norma-035.png\" alt=\"NORMA 035\"\/>\r\n\t\t\t\t\t\r\n\t\t\t<\/div>\r\n\t\t\t\t\t  <a href=\"https:\/\/book.dsoft.dev\/talento\/index.php\/services\/norma-035\/\" class=\"link-overlay\"><\/a>\r\n\t\t  \t\t<\/div>\t\r\n\t<\/div>\r\n\t\r\n\r\n\r\n\r\n         <\/div>\r\n               <div class=\"item-columns\">\r\n            \r\n\t\r\n\r\n   <div class=\"service-item style-2\">\r\n      \r\n      \t      <div class=\"service-image text-center\">\r\n\t      \t<img decoding=\"async\"  src=\"https:\/\/book.dsoft.dev\/talento\/wp-content\/uploads\/2023\/05\/norma-spts.png\" alt=\"NORMATIVA STPS\"\/>\r\n\t      <\/div>\r\n\t   \r\n      <div class=\"service-content\">\r\n\t\t\t<div class=\"content-inner\">\r\n\t\t\t\t\t\t\t\t\t<h3 class=\"title\"><span>NORMATIVA STPS<\/span><\/h3>\r\n\t\t\t\t\r\n\t\t\t\t\t\t\t\t\t<span class=\"box-icon\">\r\n\t\t\t\t\t\t<i aria-hidden=\"true\" class=\" icon-conult-creative-1\"><\/i>\t\t\t\t\t<\/span>\r\n\t\t\t\t\t\t\t<\/div>\t\r\n\t\t<\/div>\r\n\r\n\t\t\r\n\t\t<div class=\"service-content-hover\">\r\n\t\t\t<div class=\"content-inner\">\r\n\t\t\t\t\t\t\t\t\t<span class=\"box-icon\">\r\n\t\t\t\t\t\t<i aria-hidden=\"true\" class=\" icon-conult-creative-1\"><\/i>\t\t\t\t\t<\/span>\r\n\t\t\t\t\r\n\t\t\t\t\t\t\t\t\t<h3 class=\"title\"><span>NORMATIVA STPS<\/span><\/h3>\r\n\t\t\t\t\t\t\t\t\t\t\t\t\t<div class=\"desc\">Atenci\u00f3n y asesor\u00eda a las Inspecciones por parte de la STPS\n<\/div>\r\n\t\t\t\t\t\t\t<\/div>\t\r\n\t\t\t<div class=\"service-background\">\r\n\t\t\t\t\t\t\t\t\t<img decoding=\"async\" src=\"https:\/\/book.dsoft.dev\/talento\/wp-content\/uploads\/2023\/05\/norma-spts.png\" alt=\"NORMATIVA STPS\"\/>\r\n\t\t\t\t\t\r\n\t\t\t<\/div>\r\n\t\t\t\t\t  <a href=\"https:\/\/book.dsoft.dev\/talento\/index.php\/services\/normativa-stps\/\" class=\"link-overlay\"><\/a>\r\n\t\t  \t\t<\/div>\t\r\n\t<\/div>\r\n\t\r\n\r\n\r\n\r\n         <\/div>\r\n         <\/div>   \r\n<\/div>\r\n<\/div>\t\t<\/div>\n\t\t\t\t<\/div>\n\t\t\t\t<div class=\"elementor-element elementor-element-a0c9a8e elementor-hidden-desktop elementor-hidden-tablet elementor-widget elementor-widget-gva-services-group\" data-id=\"a0c9a8e\" data-element_type=\"widget\" data-widget_type=\"gva-services-group.default\">\n\t\t\t\t<div class=\"elementor-widget-container\">\n\t\t\t<div class=\"gva-element-gva-services-group gva-element\">\r\n<div class=\"gsc-services-group layout-grid no-gutter\">\r\n   <div class=\"lg-block-grid-3 md-block-grid-3 sm-block-grid-2 xs-block-grid-2 xx-block-grid-1\">\r\n               <div class=\"item-columns\">\r\n            \r\n   <div class=\"service-item style-1\">\r\n      \r\n      <div class=\"service-item-content\">\r\n\t\t\t\t\t\t\t<span class=\"box-icon\">\r\n\t\t\t\t\t<i aria-hidden=\"true\" class=\" icon-conult-strategy\"><\/i>\t\t\t\t<\/span>\r\n\t\t\t\r\n\t\t\t\t\t\t\t<h3 class=\"title\"><span>MAQUILA DE N\u00d3MINA<\/span><\/h3>\r\n\t\t\t\r\n\t\t\t\t\t\t\t<div class=\"desc\">Desarrollamos las Pol\u00edticas de Prevenci\u00f3n de Riesgos Psicosociales\n<\/div>\r\n\t\t\t\r\n\t\t\t<div class=\"arrow\"><span class=\"icon\"><i class=\"fas fa-arrow-right\"><\/i><\/span><\/div>\r\n\t\t<\/div>\r\n\r\n\t\t<div class=\"number\">01<\/div>\r\n\r\n\t\t\t\t\t<div class=\"service-background\">\r\n\t\t\t\t<img decoding=\"async\"  src=\"https:\/\/book.dsoft.dev\/talento\/wp-content\/uploads\/2023\/05\/Maquila-de-Nomina.png\" alt=\"MAQUILA DE N\u00d3MINA\"\/>\r\n\t\t\t<\/div>\r\n\t\t\t\t\r\n\r\n\t\t\t\t  <a href=\"https:\/\/book.dsoft.dev\/talento\/index.php\/services\/maquila-de-nomina\/\" class=\"link-overlay\"><\/a>\r\n\t\t  \t<\/div>\r\n\t\r\n\r\n\t\r\n\r\n\r\n\r\n         <\/div>\r\n               <div class=\"item-columns\">\r\n            \r\n   <div class=\"service-item style-1\">\r\n      \r\n      <div class=\"service-item-content\">\r\n\t\t\t\t\t\t\t<span class=\"box-icon\">\r\n\t\t\t\t\t<i aria-hidden=\"true\" class=\" icon-conult-point-of-sale\"><\/i>\t\t\t\t<\/span>\r\n\t\t\t\r\n\t\t\t\t\t\t\t<h3 class=\"title\"><span>RECLUTAMIENTO Y SELECCI\u00d3N<\/span><\/h3>\r\n\t\t\t\r\n\t\t\t\t\t\t\t<div class=\"desc\">Servicio para tercerizar el proceso de reclutamiento y selecci\u00f3n\n<\/div>\r\n\t\t\t\r\n\t\t\t<div class=\"arrow\"><span class=\"icon\"><i class=\"fas fa-arrow-right\"><\/i><\/span><\/div>\r\n\t\t<\/div>\r\n\r\n\t\t<div class=\"number\">02<\/div>\r\n\r\n\t\t\t\t\t<div class=\"service-background\">\r\n\t\t\t\t<img decoding=\"async\"  src=\"https:\/\/book.dsoft.dev\/talento\/wp-content\/uploads\/2023\/05\/teclutamiento-y-seleccion.png\" alt=\"RECLUTAMIENTO Y SELECCI\u00d3N\"\/>\r\n\t\t\t<\/div>\r\n\t\t\t\t\r\n\r\n\t\t\t\t  <a href=\"https:\/\/book.dsoft.dev\/talento\/index.php\/services\/reclutamiento-y-seleccion-2\" class=\"link-overlay\"><\/a>\r\n\t\t  \t<\/div>\r\n\t\r\n\r\n\t\r\n\r\n\r\n\r\n         <\/div>\r\n               <div class=\"item-columns\">\r\n            \r\n   <div class=\"service-item style-1\">\r\n      \r\n      <div class=\"service-item-content\">\r\n\t\t\t\t\t\t\t<span class=\"box-icon\">\r\n\t\t\t\t\t<i aria-hidden=\"true\" class=\" icon-conult-consumer-behavior\"><\/i>\t\t\t\t<\/span>\r\n\t\t\t\r\n\t\t\t\t\t\t\t<h3 class=\"title\"><span>ESTUDIOS SOCIOECON\u00d3MICOS<\/span><\/h3>\r\n\t\t\t\r\n\t\t\t\t\t\t\t<div class=\"desc\">En nuestra Empresa, contamos con personal especializado en Estudios Socioecon\u00f3micos e investigaciones laborales...<\/div>\r\n\t\t\t\r\n\t\t\t<div class=\"arrow\"><span class=\"icon\"><i class=\"fas fa-arrow-right\"><\/i><\/span><\/div>\r\n\t\t<\/div>\r\n\r\n\t\t<div class=\"number\">03<\/div>\r\n\r\n\t\t\t\t\t<div class=\"service-background\">\r\n\t\t\t\t<img decoding=\"async\"  src=\"https:\/\/book.dsoft.dev\/talento\/wp-content\/uploads\/2023\/05\/estudio-socioeconomico.png\" alt=\"ESTUDIOS SOCIOECON\u00d3MICOS\"\/>\r\n\t\t\t<\/div>\r\n\t\t\t\t\r\n\r\n\t\t\t\t  <a href=\"https:\/\/book.dsoft.dev\/talento\/index.php\/services\/estudios-socioeconomicos\/\" class=\"link-overlay\"><\/a>\r\n\t\t  \t<\/div>\r\n\t\r\n\r\n\t\r\n\r\n\r\n\r\n         <\/div>\r\n               <div class=\"item-columns\">\r\n            \r\n   <div class=\"service-item style-1\">\r\n      \r\n      <div class=\"service-item-content\">\r\n\t\t\t\t\t\t\t<span class=\"box-icon\">\r\n\t\t\t\t\t<i aria-hidden=\"true\" class=\" icon-conult-mobile-analytics\"><\/i>\t\t\t\t<\/span>\r\n\t\t\t\r\n\t\t\t\t\t\t\t<h3 class=\"title\"><span>PSICOMETR\u00cdA ONLINE<\/span><\/h3>\r\n\t\t\t\r\n\t\t\t\t\t\t\t<div class=\"desc\">\nInformaci\u00f3n necesaria para elegir al personal id\u00f3neo...<\/div>\r\n\t\t\t\r\n\t\t\t<div class=\"arrow\"><span class=\"icon\"><i class=\"fas fa-arrow-right\"><\/i><\/span><\/div>\r\n\t\t<\/div>\r\n\r\n\t\t<div class=\"number\">04<\/div>\r\n\r\n\t\t\t\t\t<div class=\"service-background\">\r\n\t\t\t\t<img decoding=\"async\"  src=\"https:\/\/book.dsoft.dev\/talento\/wp-content\/uploads\/2023\/05\/psicometria-online.png\" alt=\"PSICOMETR\u00cdA ONLINE\"\/>\r\n\t\t\t<\/div>\r\n\t\t\t\t\r\n\r\n\t\t\t\t  <a href=\"https:\/\/book.dsoft.dev\/talento\/index.php\/services\/psicometria-online\/\" class=\"link-overlay\"><\/a>\r\n\t\t  \t<\/div>\r\n\t\r\n\r\n\t\r\n\r\n\r\n\r\n         <\/div>\r\n               <div class=\"item-columns\">\r\n            \r\n   <div class=\"service-item style-1\">\r\n      \r\n      <div class=\"service-item-content\">\r\n\t\t\t\t\t\t\t<span class=\"box-icon\">\r\n\t\t\t\t\t<i aria-hidden=\"true\" class=\" icon-conult-analysis\"><\/i>\t\t\t\t<\/span>\r\n\t\t\t\r\n\t\t\t\t\t\t\t<h3 class=\"title\"><span>NORMA 035<\/span><\/h3>\r\n\t\t\t\r\n\t\t\t\t\t\t\t<div class=\"desc\">Desarrollamos las Pol\u00edticas de Prevenci\u00f3n de Riesgos Psicosociales\n<\/div>\r\n\t\t\t\r\n\t\t\t<div class=\"arrow\"><span class=\"icon\"><i class=\"fas fa-arrow-right\"><\/i><\/span><\/div>\r\n\t\t<\/div>\r\n\r\n\t\t<div class=\"number\">05<\/div>\r\n\r\n\t\t\t\t\t<div class=\"service-background\">\r\n\t\t\t\t<img decoding=\"async\"  src=\"https:\/\/book.dsoft.dev\/talento\/wp-content\/uploads\/2023\/05\/norma-035.png\" alt=\"NORMA 035\"\/>\r\n\t\t\t<\/div>\r\n\t\t\t\t\r\n\r\n\t\t\t\t  <a href=\"https:\/\/book.dsoft.dev\/talento\/index.php\/services\/norma-035\/\" class=\"link-overlay\"><\/a>\r\n\t\t  \t<\/div>\r\n\t\r\n\r\n\t\r\n\r\n\r\n\r\n         <\/div>\r\n               <div class=\"item-columns\">\r\n            \r\n   <div class=\"service-item style-1\">\r\n      \r\n      <div class=\"service-item-content\">\r\n\t\t\t\t\t\t\t<span class=\"box-icon\">\r\n\t\t\t\t\t<i aria-hidden=\"true\" class=\" icon-conult-creative-1\"><\/i>\t\t\t\t<\/span>\r\n\t\t\t\r\n\t\t\t\t\t\t\t<h3 class=\"title\"><span>NORMATIVA STPS<\/span><\/h3>\r\n\t\t\t\r\n\t\t\t\t\t\t\t<div class=\"desc\">Atenci\u00f3n y asesor\u00eda a las Inspecciones por parte de la STPS\n<\/div>\r\n\t\t\t\r\n\t\t\t<div class=\"arrow\"><span class=\"icon\"><i class=\"fas fa-arrow-right\"><\/i><\/span><\/div>\r\n\t\t<\/div>\r\n\r\n\t\t<div class=\"number\">06<\/div>\r\n\r\n\t\t\t\t\t<div class=\"service-background\">\r\n\t\t\t\t<img decoding=\"async\"  src=\"https:\/\/book.dsoft.dev\/talento\/wp-content\/uploads\/2023\/05\/norma-spts.png\" alt=\"NORMATIVA STPS\"\/>\r\n\t\t\t<\/div>\r\n\t\t\t\t\r\n\r\n\t\t\t\t  <a href=\"https:\/\/book.dsoft.dev\/talento\/index.php\/services\/normativa-stps\/\" class=\"link-overlay\"><\/a>\r\n\t\t  \t<\/div>\r\n\t\r\n\r\n\t\r\n\r\n\r\n\r\n         <\/div>\r\n         <\/div>   \r\n<\/div>\r\n<\/div>\t\t<\/div>\n\t\t\t\t<\/div>\n\t\t\t\t\t<\/div>\n\t\t<\/div>\n\t\t\t\t\t\t\t<\/div>\n\t\t<\/section>\n\t\t\t\t<section class=\"elementor-section elementor-top-section elementor-element elementor-element-dd31a49 elementor-section-boxed elementor-section-height-default elementor-section-height-default\" data-id=\"dd31a49\" data-element_type=\"section\" data-settings=\"{&quot;background_background&quot;:&quot;classic&quot;}\">\n\t\t\t\t\t\t\t<div class=\"elementor-background-overlay\"><\/div>\n\t\t\t\t\t\t\t<div class=\"elementor-container elementor-column-gap-default\">\n\t\t\t\t\t<div class=\"elementor-column elementor-col-100 elementor-top-column elementor-element elementor-element-94f9e05\" data-id=\"94f9e05\" data-element_type=\"column\">\n\t\t\t<div class=\"elementor-widget-wrap elementor-element-populated\">\n\t\t\t\t\t\t\t\t<div class=\"elementor-element elementor-element-79643a6 elementor-widget elementor-widget-gva-heading-block\" data-id=\"79643a6\" data-element_type=\"widget\" data-widget_type=\"gva-heading-block.default\">\n\t\t\t\t<div class=\"elementor-widget-container\">\n\t\t\t<div class=\"gva-element-gva-heading-block gva-element\">   <div class=\"align-center style-1 widget gsc-heading box-align-left auto-responsive\">\r\n      <div class=\"content-inner\">\r\n         \r\n         \r\n         \r\n           \r\n         \r\n                     <h2 class=\"title\">\r\n               <span> Nuestra misi\u00f3n es ofrecer soluciones confiables y rentables a nuestros Clientes.<\/span>\r\n            <\/h2>\r\n                  \r\n                     <div class=\"heading-action\">\r\n               \t\t  <a href=\"https:\/\/book.dsoft.dev\/talento\/index.php\/contacto\/\" class=\"btn-cta btn-theme \">\r\n\t\t\t <span>Cont\u00e1ctanos<\/span>\r\n\t\t  <\/a>\r\n\r\n\t\t              <\/div>\r\n         \r\n      <\/div>\r\n   <\/div>\r\n<\/div>\t\t<\/div>\n\t\t\t\t<\/div>\n\t\t\t\t\t<\/div>\n\t\t<\/div>\n\t\t\t\t\t\t\t<\/div>\n\t\t<\/section>\n\t\t\t\t\t\t\t<\/div>\n\t\t","protected":false},"excerpt":{"rendered":"<p>Nuestros Servicios Para todas las Organizaciones \u00bfQu\u00e9 hacemos? Servicios que ofrecemos MAQUILA DE N\u00d3MINA MAQUILA DE N\u00d3MINA Desarrollamos las Pol\u00edticas de Prevenci\u00f3n de Riesgos Psicosociales RECLUTAMIENTO Y SELECCI\u00d3N RECLUTAMIENTO Y [&hellip;]<\/p>\n","protected":false},"author":1,"featured_media":0,"parent":0,"menu_order":0,"comment_status":"closed","ping_status":"closed","template":"","meta":[],"_links":{"self":[{"href":"https:\/\/book.dsoft.dev\/talento\/index.php\/wp-json\/wp\/v2\/pages\/32"}],"collection":[{"href":"https:\/\/book.dsoft.dev\/talento\/index.php\/wp-json\/wp\/v2\/pages"}],"about":[{"href":"https:\/\/book.dsoft.dev\/talento\/index.php\/wp-json\/wp\/v2\/types\/page"}],"author":[{"embeddable":true,"href":"https:\/\/book.dsoft.dev\/talento\/index.php\/wp-json\/wp\/v2\/users\/1"}],"replies":[{"embeddable":true,"href":"https:\/\/book.dsoft.dev\/talento\/index.php\/wp-json\/wp\/v2\/comments?post=32"}],"version-history":[{"count":13,"href":"https:\/\/book.dsoft.dev\/talento\/index.php\/wp-json\/wp\/v2\/pages\/32\/revisions"}],"predecessor-version":[{"id":1716,"href":"https:\/\/book.dsoft.dev\/talento\/index.php\/wp-json\/wp\/v2\/pages\/32\/revisions\/1716"}],"wp:attachment":[{"href":"https:\/\/book.dsoft.dev\/talento\/index.php\/wp-json\/wp\/v2\/media?parent=32"}],"curies":[{"name":"wp","href":"https:\/\/api.w.org\/{rel}","templated":true}]}}